{"id":67,"date":"2020-05-21T12:00:17","date_gmt":"2020-05-21T10:00:17","guid":{"rendered":"http:\/\/arrascompostelle.fr\/?page_id=67"},"modified":"2025-12-02T22:09:15","modified_gmt":"2025-12-02T21:09:15","slug":"depart","status":"publish","type":"page","link":"https:\/\/arrascompostelle.fr\/","title":{"rendered":"Arras"},"content":{"rendered":"\n<h2 class=\"wp-block-heading\"> A la crois\u00e9e des chemins de p\u00e8lerinages dans les Hauts de France<\/h2>\n\n\n\n<p>.<img loading=\"lazy\" decoding=\"async\" width=\"1024\" height=\"588\" class=\"wp-image-536\" style=\"width: 1024px;\" src=\"https:\/\/arrascompostelle.fr\/wp-content\/uploads\/2020\/05\/cropped-Fotolia_84995199_M.jpg\" alt=\"\" srcset=\"https:\/\/arrascompostelle.fr\/wp-content\/uploads\/2020\/05\/cropped-Fotolia_84995199_M.jpg 1024w, https:\/\/arrascompostelle.fr\/wp-content\/uploads\/2020\/05\/cropped-Fotolia_84995199_M-300x172.jpg 300w, https:\/\/arrascompostelle.fr\/wp-content\/uploads\/2020\/05\/cropped-Fotolia_84995199_M-768x441.jpg 768w\" sizes=\"(max-width: 1024px) 100vw, 1024px\" \/><\/p>\n\n\n\n<p><\/p>\n\n\n\n<div class=\"wp-block-media-text alignwide is-stacked-on-mobile\"><figure class=\"wp-block-media-text__media\"><img loading=\"lazy\" decoding=\"async\" width=\"780\" height=\"1024\" src=\"https:\/\/arrascompostelle.fr\/wp-content\/uploads\/2020\/05\/hautsdefranceC-01-780x1024.png\" alt=\"\" class=\"wp-image-148 size-full\" srcset=\"https:\/\/arrascompostelle.fr\/wp-content\/uploads\/2020\/05\/hautsdefranceC-01-780x1024.png 780w, https:\/\/arrascompostelle.fr\/wp-content\/uploads\/2020\/05\/hautsdefranceC-01-229x300.png 229w, https:\/\/arrascompostelle.fr\/wp-content\/uploads\/2020\/05\/hautsdefranceC-01-768x1008.png 768w, https:\/\/arrascompostelle.fr\/wp-content\/uploads\/2020\/05\/hautsdefranceC-01.png 1120w\" sizes=\"(max-width: 780px) 100vw, 780px\" \/><\/figure><div class=\"wp-block-media-text__content\">\n<p class=\"has-medium-font-size\">Il existe trois grands centres de p\u00e8lerinage chr\u00e9tien au Moyen Age : J\u00e9rusalem o\u00f9 se trouve le tombeau du Christ, Rome la ville du pape et Saint-Jacques de Compostelle en Espagne.<br>La Via Francigena qui va \u00e0 Rome et le Chemin de Saint-Jacques de Compostelle traversent les Hauts-de-France et se croisent \u00e0 Arras.<br>Pourquoi ces chemins nous fascinent-ils, et doucement envahissent notre quotidien jusqu\u2019\u00e0 devenir une r\u00e9alit\u00e9, que nous allons concr\u00e9tiser \u00e0 pied ou \u00e0 v\u00e9lo ?<br>Pour le sport, le plaisir de la randonn\u00e9e, le retour \u00e0 la nature, le partage, la bienveillance, que la d\u00e9marche soit religieuse ou pas, ces chemins nous apportent\u2026, peut-\u00eatre rien d\u2019autre qu\u2019un suppl\u00e9ment d\u2019\u00e2me, que seuls ceux qui les ont parcourus peuvent connaitre.<br>Voil\u00e0, que vous soyez Jacquet sur les chemins de Saint-Jacques de Compostelle ou que vous soyez Romieu sur la Via Francigena, vous \u00eates les bienvenus \u00e0 Arras-Compostelle-Francigena.<\/p>\n<\/div><\/div>\n\n\n\n<p><\/p>\n\n\n\n<p><\/p>\n\n\n\n<p class=\"has-medium-font-size\">La ville d&rsquo;Arras, Pr\u00e9fecture du Pas-de-Calais, poss\u00e8de un tr\u00e8s riche pass\u00e9, et m\u00e9rite que l&rsquo;on d\u00e9couvre les nombreux monuments qui sont les t\u00e9moins de son histoire.<\/p>\n\n\n\n<p class=\"has-medium-font-size\"> Le site <a href=\"https:\/\/www.arraspaysdartois.com\" target=\"_blank\" rel=\"noreferrer noopener\">Arras Pays d&rsquo;Artois Tourisme<\/a> aide le visiteur \u00e0 \u00ab\u00a0prendre le temps de vivre\u00a0\u00bb \u00e0 Arras, et consacre une page aux <a href=\"https:\/\/www.arraspaysdartois.com\/toutes-les-activites\/sports-loisirs\/arras-compostelle-via-francigena\/\" target=\"_blank\" rel=\"noreferrer noopener\">chemins de p\u00e8lerinages qui traversent la ville<\/a><\/p>\n","protected":false},"excerpt":{"rendered":"<p>A la crois\u00e9e des chemins de p\u00e8lerinages dans les Hauts de France . Il existe trois grands centres de p\u00e8lerinage chr\u00e9tien au Moyen Age : J\u00e9rusalem o\u00f9 se trouve le tombeau du Christ, Rome la ville du pape et Saint-Jacques de Compostelle en Espagne.La Via Francigena qui va \u00e0 Rome et le Chemin de Saint-Jacques [&hellip;]<\/p>\n","protected":false},"author":2,"featured_media":0,"parent":0,"menu_order":0,"comment_status":"closed","ping_status":"closed","template":"","meta":{"_uag_custom_page_level_css":"","advgb_blocks_editor_width":"","advgb_blocks_columns_visual_guide":"","site-sidebar-layout":"default","site-content-layout":"","ast-site-content-layout":"","site-content-style":"default","site-sidebar-style":"default","ast-global-header-display":"","ast-banner-title-visibility":"","ast-main-header-display":"","ast-hfb-above-header-display":"","ast-hfb-below-header-display":"","ast-hfb-mobile-header-display":"","site-post-title":"","ast-breadcrumbs-content":"","ast-featured-img":"","footer-sml-layout":"","theme-transparent-header-meta":"","adv-header-id-meta":"","stick-header-meta":"","header-above-stick-meta":"","header-main-stick-meta":"","header-below-stick-meta":"","astra-migrate-meta-layouts":"default","ast-page-background-enabled":"default","ast-page-background-meta":{"desktop":{"background-color":"var(--ast-global-color-4)","background-image":"","background-repeat":"repeat","background-position":"center center","background-size":"auto","background-attachment":"scroll","background-type":"","background-media":"","overlay-type":"","overlay-color":"","overlay-opacity":"","overlay-gradient":""},"tablet":{"background-color":"","background-image":"","background-repeat":"repeat","background-position":"center center","background-size":"auto","background-attachment":"scroll","background-type":"","background-media":"","overlay-type":"","overlay-color":"","overlay-opacity":"","overlay-gradient":""},"mobile":{"background-color":"","background-image":"","background-repeat":"repeat","background-position":"center center","background-size":"auto","background-attachment":"scroll","background-type":"","background-media":"","overlay-type":"","overlay-color":"","overlay-opacity":"","overlay-gradient":""}},"ast-content-background-meta":{"desktop":{"background-color":"var(--ast-global-color-5)","background-image":"","background-repeat":"repeat","background-position":"center center","background-size":"auto","background-attachment":"scroll","background-type":"","background-media":"","overlay-type":"","overlay-color":"","overlay-opacity":"","overlay-gradient":""},"tablet":{"background-color":"var(--ast-global-color-5)","background-image":"","background-repeat":"repeat","background-position":"center center","background-size":"auto","background-attachment":"scroll","background-type":"","background-media":"","overlay-type":"","overlay-color":"","overlay-opacity":"","overlay-gradient":""},"mobile":{"background-color":"var(--ast-global-color-5)","background-image":"","background-repeat":"repeat","background-position":"center center","background-size":"auto","background-attachment":"scroll","background-type":"","background-media":"","overlay-type":"","overlay-color":"","overlay-opacity":"","overlay-gradient":""}},"footnotes":""},"jetpack_sharing_enabled":true,"uagb_featured_image_src":{"full":false,"thumbnail":false,"medium":false,"medium_large":false,"large":false,"1536x1536":false,"2048x2048":false},"uagb_author_info":{"display_name":"Laurent Sivr\u00e9","author_link":"https:\/\/arrascompostelle.fr\/?author=2"},"uagb_comment_info":0,"uagb_excerpt":"A la crois\u00e9e des chemins de p\u00e8lerinages dans les Hauts de France . Il existe trois grands centres de p\u00e8lerinage chr\u00e9tien au Moyen Age : J\u00e9rusalem o\u00f9 se trouve le tombeau du Christ, Rome la ville du pape et Saint-Jacques de Compostelle en Espagne.La Via Francigena qui va \u00e0 Rome et le Chemin de Saint-Jacques\u2026","coauthors":[],"author_meta":{"author_link":"https:\/\/arrascompostelle.fr\/?author=2","display_name":"Laurent Sivr\u00e9"},"relative_dates":{"created":"Publi\u00e9 6 ans il y a","modified":"Mis \u00e0 jour 5 mois il y a"},"absolute_dates":{"created":"Publi\u00e9 le 21 mai 2020","modified":"Mise \u00e0 jour le 2 d\u00e9cembre 2025"},"absolute_dates_time":{"created":"Publi\u00e9 le 21 mai 2020 12h00","modified":"Mise \u00e0 jour le 2 d\u00e9cembre 2025 22h09"},"featured_img_caption":"","featured_img":false,"series_order":"","_links":{"self":[{"href":"https:\/\/arrascompostelle.fr\/index.php?rest_route=\/wp\/v2\/pages\/67"}],"collection":[{"href":"https:\/\/arrascompostelle.fr\/index.php?rest_route=\/wp\/v2\/pages"}],"about":[{"href":"https:\/\/arrascompostelle.fr\/index.php?rest_route=\/wp\/v2\/types\/page"}],"author":[{"embeddable":true,"href":"https:\/\/arrascompostelle.fr\/index.php?rest_route=\/wp\/v2\/users\/2"}],"replies":[{"embeddable":true,"href":"https:\/\/arrascompostelle.fr\/index.php?rest_route=%2Fwp%2Fv2%2Fcomments&post=67"}],"version-history":[{"count":23,"href":"https:\/\/arrascompostelle.fr\/index.php?rest_route=\/wp\/v2\/pages\/67\/revisions"}],"predecessor-version":[{"id":1145,"href":"https:\/\/arrascompostelle.fr\/index.php?rest_route=\/wp\/v2\/pages\/67\/revisions\/1145"}],"wp:attachment":[{"href":"https:\/\/arrascompostelle.fr\/index.php?rest_route=%2Fwp%2Fv2%2Fmedia&parent=67"}],"curies":[{"name":"wp","href":"https:\/\/api.w.org\/{rel}","templated":true}]}}